{"id":6206,"date":"2022-06-18T12:34:29","date_gmt":"2022-06-18T12:34:29","guid":{"rendered":"https:\/\/huumenatural.com\/product\/face-mask-green-clay\/"},"modified":"2022-07-10T10:53:33","modified_gmt":"2022-07-10T10:53:33","slug":"maske-per-fytyre-me-argjile-te-gjelbert","status":"publish","type":"product","link":"https:\/\/huumenatural.com\/sq\/product\/maske-per-fytyre-me-argjile-te-gjelbert\/","title":{"rendered":"Mask\u00eb p\u00ebr fytyr\u00eb &#8211; Argjil\u00eb e gjelb\u00ebrt (e gatshme p\u00ebr aplikim)"},"content":{"rendered":"<p>Kjo formul\u00eb ndihmon n\u00eb rinovimin e qelizave, p\u00ebrt\u00ebritjen dhe p\u00ebrmir\u00ebsimin e elasticitetit t\u00eb l\u00ebkur\u00ebs.\u00a0 E but\u00eb dhe thell\u00ebsisht hidratuese, kjo mask\u00eb preferohet <strong>p\u00ebr l\u00ebkur\u00eb normale dhe t\u00eb yndyrshme<\/strong>.<\/p>\n<p><strong>P\u00ebrfitimet:<\/strong><\/p>\n<ul>\n<li>Argjila e gjelb\u00ebrt pastron but\u00ebsisht l\u00ebkur\u00ebn. \u00cbsht\u00eb nj\u00eb eksfoliant dhe stimulues natyral, dhe gjithashtu vepron si nj\u00eb tonik p\u00ebr shtr\u00ebngimin e poreve. P\u00ebrdorimi i rregullt mund t\u00eb ribalancoj\u00eb, zbut\u00eb dhe ndri\u00e7oj\u00eb l\u00ebkur\u00ebn.<\/li>\n<li>Argjila e bardh\u00eb detoksifikon dhe pastron poret.<\/li>\n<li>Vaji farave t\u00eb rrushit \u00ebsht\u00eb i pasur me acid linoleic dhe me omega-6 q\u00eb mund t\u00eb ndihmon n\u00eb luftimin kund\u00ebr akneve si dhe hap poret e mbyllura. Ndihmon n\u00eb zbutjen e rrudhave.<\/li>\n<li>Vitamina E ndihmon n\u00eb mbrojtjen e qelizave si dhe zbut l\u00ebkur\u00ebn.<\/li>\n<\/ul>\n","protected":false},"excerpt":{"rendered":"<p>Kjo formul\u00eb ndihmon n\u00eb rinovimin e qelizave, p\u00ebrt\u00ebritjen dhe p\u00ebrmir\u00ebsimin e elasticitetit t\u00eb l\u00ebkur\u00ebs.\u00a0 E but\u00eb dhe thell\u00ebsisht hidratuese, kjo mask\u00eb preferohet <strong>p\u00ebr l\u00ebkur\u00eb normale dhe t\u00eb yndyrshme<\/strong>.<\/p>\n","protected":false},"featured_media":6191,"comment_status":"open","ping_status":"closed","template":"","meta":[],"product_cat":[258,169],"product_tag":[282,284],"class_list":{"0":"post-6206","1":"product","2":"type-product","3":"status-publish","4":"has-post-thumbnail","6":"product_cat-kujdesi-per-fytyre","7":"product_cat-maske-per-fytyre","8":"product_tag-face-mask-sq","9":"product_tag-green-clay-sq","11":"first","12":"outofstock","13":"shipping-taxable","14":"purchasable","15":"product-type-simple"},"aioseo_notices":[],"_links":{"self":[{"href":"https:\/\/huumenatural.com\/sq\/wp-json\/wp\/v2\/product\/6206","targetHints":{"allow":["GET"]}}],"collection":[{"href":"https:\/\/huumenatural.com\/sq\/wp-json\/wp\/v2\/product"}],"about":[{"href":"https:\/\/huumenatural.com\/sq\/wp-json\/wp\/v2\/types\/product"}],"replies":[{"embeddable":true,"href":"https:\/\/huumenatural.com\/sq\/wp-json\/wp\/v2\/comments?post=6206"}],"version-history":[{"count":2,"href":"https:\/\/huumenatural.com\/sq\/wp-json\/wp\/v2\/product\/6206\/revisions"}],"predecessor-version":[{"id":6208,"href":"https:\/\/huumenatural.com\/sq\/wp-json\/wp\/v2\/product\/6206\/revisions\/6208"}],"wp:featuredmedia":[{"embeddable":true,"href":"https:\/\/huumenatural.com\/sq\/wp-json\/wp\/v2\/media\/6191"}],"wp:attachment":[{"href":"https:\/\/huumenatural.com\/sq\/wp-json\/wp\/v2\/media?parent=6206"}],"wp:term":[{"taxonomy":"product_cat","embeddable":true,"href":"https:\/\/huumenatural.com\/sq\/wp-json\/wp\/v2\/product_cat?post=6206"},{"taxonomy":"product_tag","embeddable":true,"href":"https:\/\/huumenatural.com\/sq\/wp-json\/wp\/v2\/product_tag?post=6206"}],"curies":[{"name":"wp","href":"https:\/\/api.w.org\/{rel}","templated":true}]}}

Maskë për fytyrë &#8211; Argjilë e gjelbërt (e gatshme për aplikim)

<p>Kjo formulë ndihmon në rinovimin e qelizave, përtëritjen dhe përmirësimin e elasticitetit të lëkurës.  E butë dhe thellësisht hidratuese, kjo maskë preferohet <strong>për lëkurë normale dhe të yndyrshme</strong>.</p>
<p><strong>Përfitimet:</strong></p>
<ul>
<li>Argjila e gjelbërt pastron butësisht lëkurën. Është një eksfoliant dhe stimulues natyral, dhe gjithashtu vepron si një tonik për shtrëngimin e poreve. Përdorimi i rregullt mund të ribalancojë, zbutë dhe ndriçojë lëkurën.</li>
<li>Argjila e bardhë detoksifikon dhe pastron poret.</li>
<li>Vaji farave të rrushit është i pasur me acid linoleic dhe me omega-6 që mund të ndihmon në luftimin kundër akneve si dhe hap poret e mbyllura. Ndihmon në zbutjen e rrudhave.</li>
<li>Vitamina E ndihmon në mbrojtjen e qelizave si dhe zbut lëkurën.</li>
</ul>

<p>Kjo formulë ndihmon në rinovimin e qelizave, përtëritjen dhe përmirësimin e elasticitetit të lëkurës.  E butë dhe thellësisht hidratuese, kjo maskë preferohet <strong>për lëkurë normale dhe të yndyrshme</strong>.</p>
